{"id":38,"date":"2026-05-16T11:10:28","date_gmt":"2026-05-16T11:10:28","guid":{"rendered":"https:\/\/acbigaylesbadalona.es\/?p=29"},"modified":"2026-05-16T11:10:28","modified_gmt":"2026-05-16T11:10:28","slug":"support_center","status":"publish","type":"page","link":"https:\/\/acbigaylesbadalona.es\/?page_id=38","title":{"rendered":"support_center"},"content":{"rendered":"<pre>{\n  &quot;title&quot;: &quot;Suport per a tothom,&quot;,\n  &quot;accent&quot;: &quot;sempre&quot;,\n  &quot;subtitle&quot;: &quot;Recursos, guies i contactes de confian\u00e7a per a qualsevol moment de la teva vida.&quot;,\n  &quot;emergencyTitle&quot;: &quot;No est\u00e0s sol\/a en aix\u00f2&quot;,\n  &quot;emergencySubtitle&quot;: &quot;Sigui el que sigui el que est\u00e0s vivint, la nostra comunitat \u00e9s aqu\u00ed. Contacta'ns, truca, escriu. Estem.&quot;,\n  &quot;helpline&quot;: &quot;900 601 601&quot;,\n  &quot;categories&quot;: [\n    {\n      &quot;title&quot;: &quot;L\u00ednies d'ajuda&quot;,\n      &quot;items&quot;: [\n        {\n          &quot;label&quot;: &quot;LGBTQI+ (gratu\u00eft 24h)&quot;,\n          &quot;href&quot;: &quot;tel:028&quot;,\n          &quot;value&quot;: &quot;028&quot;\n        },\n        {\n          &quot;label&quot;: &quot;Tel\u00e8fon de l'esperan\u00e7a&quot;,\n          &quot;href&quot;: &quot;tel:93414848&quot;,\n          &quot;value&quot;: &quot;93 414 48 48&quot;\n        },\n        {\n          &quot;label&quot;: &quot;Emerg\u00e8ncies&quot;,\n          &quot;href&quot;: &quot;tel:112&quot;,\n          &quot;value&quot;: &quot;112&quot;\n        }\n      ]\n    },\n    {\n      &quot;title&quot;: &quot;Drets i legal&quot;,\n      &quot;items&quot;: [\n        {\n          &quot;label&quot;: &quot;Llei 26\/2015 trans a Catalunya&quot;,\n          &quot;href&quot;: &quot;https:\/\/catsalut.gencat.cat&quot;,\n          &quot;value&quot;: &quot;Catsalut.cat&quot;\n        },\n        {\n          &quot;label&quot;: &quot;Observatori contra l'LGTBIfobia&quot;,\n          &quot;href&quot;: &quot;https:\/\/observatorilgtbifobia.org&quot;,\n          &quot;value&quot;: &quot;Observatori&quot;\n        },\n        {\n          &quot;label&quot;: &quot;Assessorament jur\u00eddic gratu\u00eft&quot;,\n          &quot;href&quot;: &quot;#contacto&quot;,\n          &quot;value&quot;: &quot;Contacta'ns&quot;\n        }\n      ]\n    },\n    {\n      &quot;title&quot;: &quot;Salut mental&quot;,\n      &quot;items&quot;: [\n        {\n          &quot;label&quot;: &quot;Suport emocional LGTB+&quot;,\n          &quot;href&quot;: &quot;tel:900601601&quot;,\n          &quot;value&quot;: &quot;900 601 601&quot;\n        },\n        {\n          &quot;label&quot;: &quot;Servei proteccio suicidi&quot;,\n          &quot;href&quot;: &quot;tel:680 354 155&quot;,\n          &quot;value&quot;: &quot;680 354 155&quot;\n        },\n        {\n          &quot;label&quot;: &quot;Mindfulness i benestar&quot;,\n          &quot;href&quot;: &quot;#actividades&quot;,\n          &quot;value&quot;: &quot;Les nostres activitats&quot;\n        }\n      ]\n    },\n    {\n      &quot;title&quot;: &quot;Persones trans&quot;,\n      &quot;items&quot;: [\n        {\n          &quot;label&quot;: &quot;UTIG - Atenci\u00f3 trans&quot;,\n          &quot;href&quot;: &quot;https:\/\/catsalut.gencat.cat\/ca\/serveis-sanitaris\/altres-serveis\/model-atencio-salut-persones-trans\/index.html&quot;,\n          &quot;value&quot;: &quot;CatSalut UTIG&quot;\n        },\n        {\n          &quot;label&quot;: &quot;Check point (persones trans)&quot;,\n          &quot;href&quot;: &quot;https:\/\/www.bcncheckpoint.com\/persones-trans\/&quot;,\n          &quot;value&quot;: &quot;Check Point&quot;\n        },\n        {\n          &quot;label&quot;: &quot;Suport a la transici\u00f3&quot;,\n          &quot;href&quot;: &quot;#contacto&quot;,\n          &quot;value&quot;: &quot;Contacta'ns&quot;\n        }\n      ]\n    }\n  ]\n}<\/pre>\n","protected":false},"excerpt":{"rendered":"<p>{ &quot;title&quot;: &quot;Suport per a tothom,&quot;, &quot;accent&quot;: &quot;sempre&quot;, &quot;subtitle&quot;: &quot;Recursos, guies i contactes de confian\u00e7a per a qualsevol moment de la teva vida.&quot;, &quot;emergencyTitle&quot;: &quot;No est\u00e0s sol\/a en aix\u00f2&quot;, &quot;emergencySubtitle&quot;: &quot;Sigui el que sigui el que est\u00e0s vivint, la nostra comunitat \u00e9s aqu\u00ed. Contacta&#8217;ns, truca, escriu. Estem.&quot;, &quot;helpline&quot;: &quot;900 601 601&quot;, &quot;categories&quot;: [ { &quot;title&quot;: [&hellip;]<\/p>\n","protected":false},"author":3,"featured_media":0,"parent":0,"menu_order":0,"comment_status":"open","ping_status":"open","template":"","meta":{"footnotes":""},"class_list":["post-38","page","type-page","status-publish","hentry"],"_links":{"self":[{"href":"https:\/\/acbigaylesbadalona.es\/index.php?rest_route=\/wp\/v2\/pages\/38","targetHints":{"allow":["GET"]}}],"collection":[{"href":"https:\/\/acbigaylesbadalona.es\/index.php?rest_route=\/wp\/v2\/pages"}],"about":[{"href":"https:\/\/acbigaylesbadalona.es\/index.php?rest_route=\/wp\/v2\/types\/page"}],"author":[{"embeddable":true,"href":"https:\/\/acbigaylesbadalona.es\/index.php?rest_route=\/wp\/v2\/users\/3"}],"replies":[{"embeddable":true,"href":"https:\/\/acbigaylesbadalona.es\/index.php?rest_route=%2Fwp%2Fv2%2Fcomments&post=38"}],"version-history":[{"count":0,"href":"https:\/\/acbigaylesbadalona.es\/index.php?rest_route=\/wp\/v2\/pages\/38\/revisions"}],"wp:attachment":[{"href":"https:\/\/acbigaylesbadalona.es\/index.php?rest_route=%2Fwp%2Fv2%2Fmedia&parent=38"}],"curies":[{"name":"wp","href":"https:\/\/api.w.org\/{rel}","templated":true}]}}

<pre>{
  &quot;title&quot;: &quot;Suport per a tothom,&quot;,
  &quot;accent&quot;: &quot;sempre&quot;,
  &quot;subtitle&quot;: &quot;Recursos, guies i contactes de confiança per a qualsevol moment de la teva vida.&quot;,
  &quot;emergencyTitle&quot;: &quot;No estàs sol/a en això&quot;,
  &quot;emergencySubtitle&quot;: &quot;Sigui el que sigui el que estàs vivint, la nostra comunitat és aquí. Contacta'ns, truca, escriu. Estem.&quot;,
  &quot;helpline&quot;: &quot;900 601 601&quot;,
  &quot;categories&quot;: [
    {
      &quot;title&quot;: &quot;Línies d'ajuda&quot;,
      &quot;items&quot;: [
        {
          &quot;label&quot;: &quot;LGBTQI+ (gratuït 24h)&quot;,
          &quot;href&quot;: &quot;tel:028&quot;,
          &quot;value&quot;: &quot;028&quot;
        },
        {
          &quot;label&quot;: &quot;Telèfon de l'esperança&quot;,
          &quot;href&quot;: &quot;tel:93414848&quot;,
          &quot;value&quot;: &quot;93 414 48 48&quot;
        },
        {
          &quot;label&quot;: &quot;Emergències&quot;,
          &quot;href&quot;: &quot;tel:112&quot;,
          &quot;value&quot;: &quot;112&quot;
        }
      ]
    },
    {
      &quot;title&quot;: &quot;Drets i legal&quot;,
      &quot;items&quot;: [
        {
          &quot;label&quot;: &quot;Llei 26/2015 trans a Catalunya&quot;,
          &quot;href&quot;: &quot;https://catsalut.gencat.cat&quot;,
          &quot;value&quot;: &quot;Catsalut.cat&quot;
        },
        {
          &quot;label&quot;: &quot;Observatori contra l'LGTBIfobia&quot;,
          &quot;href&quot;: &quot;https://observatorilgtbifobia.org&quot;,
          &quot;value&quot;: &quot;Observatori&quot;
        },
        {
          &quot;label&quot;: &quot;Assessorament jurídic gratuït&quot;,
          &quot;href&quot;: &quot;#contacto&quot;,
          &quot;value&quot;: &quot;Contacta'ns&quot;
        }
      ]
    },
    {
      &quot;title&quot;: &quot;Salut mental&quot;,
      &quot;items&quot;: [
        {
          &quot;label&quot;: &quot;Suport emocional LGTB+&quot;,
          &quot;href&quot;: &quot;tel:900601601&quot;,
          &quot;value&quot;: &quot;900 601 601&quot;
        },
        {
          &quot;label&quot;: &quot;Servei proteccio suicidi&quot;,
          &quot;href&quot;: &quot;tel:680 354 155&quot;,
          &quot;value&quot;: &quot;680 354 155&quot;
        },
        {
          &quot;label&quot;: &quot;Mindfulness i benestar&quot;,
          &quot;href&quot;: &quot;#actividades&quot;,
          &quot;value&quot;: &quot;Les nostres activitats&quot;
        }
      ]
    },
    {
      &quot;title&quot;: &quot;Persones trans&quot;,
      &quot;items&quot;: [
        {
          &quot;label&quot;: &quot;UTIG - Atenció trans&quot;,
          &quot;href&quot;: &quot;https://catsalut.gencat.cat/ca/serveis-sanitaris/altres-serveis/model-atencio-salut-persones-trans/index.html&quot;,
          &quot;value&quot;: &quot;CatSalut UTIG&quot;
        },
        {
          &quot;label&quot;: &quot;Check point (persones trans)&quot;,
          &quot;href&quot;: &quot;https://www.bcncheckpoint.com/persones-trans/&quot;,
          &quot;value&quot;: &quot;Check Point&quot;
        },
        {
          &quot;label&quot;: &quot;Suport a la transició&quot;,
          &quot;href&quot;: &quot;#contacto&quot;,
          &quot;value&quot;: &quot;Contacta'ns&quot;
        }
      ]
    }
  ]
}</pre>

<p>{ &quot;title&quot;: &quot;Suport per a tothom,&quot;, &quot;accent&quot;: &quot;sempre&quot;, &quot;subtitle&quot;: &quot;Recursos, guies i contactes de confiança per a qualsevol moment de la teva vida.&quot;, &quot;emergencyTitle&quot;: &quot;No estàs sol/a en això&quot;, &quot;emergencySubtitle&quot;: &quot;Sigui el que sigui el que estàs vivint, la nostra comunitat és aquí. Contacta&#8217;ns, truca, escriu. Estem.&quot;, &quot;helpline&quot;: &quot;900 601 601&quot;, &quot;categories&quot;: [ { &quot;title&quot;: [&hellip;]</p>
